{"id":287,"date":"2016-10-04T08:57:04","date_gmt":"2016-10-04T06:57:04","guid":{"rendered":"http:\/\/eric-claux.com\/?page_id=287"},"modified":"2016-10-05T08:56:41","modified_gmt":"2016-10-05T06:56:41","slug":"parentalite-positive","status":"publish","type":"page","link":"https:\/\/eric-claux.com\/?page_id=287","title":{"rendered":"Parentalit\u00e9 positive"},"content":{"rendered":"<p>[et_pb_section admin_label=\u00a0\u00bbSection\u00a0\u00bb fullwidth=\u00a0\u00bbon\u00a0\u00bb specialty=\u00a0\u00bboff\u00a0\u00bb][et_pb_fullwidth_menu admin_label=\u00a0\u00bbMenu plein \u00e9cran\u00a0\u00bb menu_id=\u00a0\u00bb3&Prime; background_color=\u00a0\u00bb#ffffff\u00a0\u00bb background_layout=\u00a0\u00bblight\u00a0\u00bb text_orientation=\u00a0\u00bbcenter\u00a0\u00bb submenu_direction=\u00a0\u00bbdownwards\u00a0\u00bb fullwidth_menu=\u00a0\u00bbon\u00a0\u00bb dropdown_menu_animation=\u00a0\u00bbfade\u00a0\u00bb menu_font_size=\u00a0\u00bb18px\u00a0\u00bb menu_text_color=\u00a0\u00bb#1b2c40&Prime; menu_letter_spacing=\u00a0\u00bb1px\u00a0\u00bb active_link_color=\u00a0\u00bb#385e89&Prime; mobile_menu_bg_color=\u00a0\u00bb#ededed\u00a0\u00bb] [\/et_pb_fullwidth_menu][\/et_pb_section][et_pb_section admin_label=\u00a0\u00bbsection\u00a0\u00bb transparent_background=\u00a0\u00bboff\u00a0\u00bb allow_player_pause=\u00a0\u00bboff\u00a0\u00bb inner_shadow=\u00a0\u00bboff\u00a0\u00bb parallax=\u00a0\u00bboff\u00a0\u00bb parallax_method=\u00a0\u00bboff\u00a0\u00bb padding_mobile=\u00a0\u00bboff\u00a0\u00bb make_fullwidth=\u00a0\u00bboff\u00a0\u00bb use_custom_width=\u00a0\u00bboff\u00a0\u00bb width_unit=\u00a0\u00bbon\u00a0\u00bb make_equal=\u00a0\u00bboff\u00a0\u00bb use_custom_gutter=\u00a0\u00bboff\u00a0\u00bb background_color=\u00a0\u00bbrgba(255,255,255,0.21)\u00a0\u00bb][et_pb_row admin_label=\u00a0\u00bbLigne\u00a0\u00bb make_fullwidth=\u00a0\u00bboff\u00a0\u00bb use_custom_width=\u00a0\u00bboff\u00a0\u00bb width_unit=\u00a0\u00bbon\u00a0\u00bb use_custom_gutter=\u00a0\u00bboff\u00a0\u00bb padding_mobile=\u00a0\u00bboff\u00a0\u00bb background_color=\u00a0\u00bb#1b2c40&Prime; allow_player_pause=\u00a0\u00bboff\u00a0\u00bb parallax=\u00a0\u00bboff\u00a0\u00bb parallax_method=\u00a0\u00bboff\u00a0\u00bb make_equal=\u00a0\u00bboff\u00a0\u00bb parallax_1=\u00a0\u00bboff\u00a0\u00bb parallax_method_1=\u00a0\u00bboff\u00a0\u00bb column_padding_mobile=\u00a0\u00bbon\u00a0\u00bb][et_pb_column type=\u00a0\u00bb4_4&Prime;][et_pb_text admin_label=\u00a0\u00bbTexte\u00a0\u00bb background_layout=\u00a0\u00bbdark\u00a0\u00bb text_orientation=\u00a0\u00bbcenter\u00a0\u00bb use_border_color=\u00a0\u00bboff\u00a0\u00bb border_color=\u00a0\u00bb#ffffff\u00a0\u00bb border_style=\u00a0\u00bbsolid\u00a0\u00bb]<\/p>\n<h1 style=\"text-align: center;\"><span style=\"color: #ffffff;\">Parentalit\u00e9 positive<\/span><\/h1>\n<p>[\/et_pb_text][\/et_pb_column][\/et_pb_row][et_pb_row admin_label=\u00a0\u00bbrow\u00a0\u00bb][et_pb_column type=\u00a0\u00bb4_4&Prime;][et_pb_text admin_label=\u00a0\u00bbTexte\u00a0\u00bb background_layout=\u00a0\u00bblight\u00a0\u00bb text_orientation=\u00a0\u00bbleft\u00a0\u00bb use_border_color=\u00a0\u00bboff\u00a0\u00bb border_color=\u00a0\u00bb#ffffff\u00a0\u00bb border_style=\u00a0\u00bbsolid\u00a0\u00bb]<\/p>\n<h1><strong>\u00catre parent<\/strong>\u00a0<img loading=\"lazy\" decoding=\"async\" class=\"size-full wp-image-391 alignright\" src=\"http:\/\/eric-claux.com\/wp-content\/uploads\/2016\/10\/photo1.jpg\" alt=\"photo1\" width=\"240\" height=\"202\" \/><\/h1>\n<p>\u00catre parent est une des plus grandes et plus belles exp\u00e9riences de la vie, mais c\u2019est aussi une des plus difficiles.<br \/>\nNotre responsabilit\u00e9 en tant que parent n\u2019est jamais accomplie, peu importe l\u2019\u00e2ge de nos enfants.<\/p>\n<p>C\u2019est notre r\u00f4le de parents d\u2019accompagner nos enfants au quotidien avec amour, respect.<br \/>\nSi notre r\u00f4le de p\u00e8re ou de m\u00e8re nous rend anxieux, sachez qu\u2019il n\u2019existe pas de parent parfait.<\/p>\n<p>\u00catre parent c\u2019est un apprentissage au quotidien.<br \/>\n\u00c9tablir une relation de confiance et bienveillante contribue \u00e0 construire l\u2019estime de soi et la confiance en soi des enfants.<\/p>\n<p>Il arrive parfois que nos paroles blessent ou causent du tort \u00e0 nos enfants.<br \/>\nNos mots jugent, condamnent, ordonnent ou accusent.<br \/>\nLa relation parent-enfant est le plus souvent conflictuelle.<\/p>\n<p>Et pour finir nous collons maladroitement des \u00e9tiquettes \u00e0 nos enfants. Comme si, finalement, il n\u2019y avait \u00a0pas d\u2019alternative que de soumettre ou punir.<br \/>\nLes punitions r\u00e9p\u00e9t\u00e9es risquent d\u2019avoir une influence n\u00e9gative sur l\u2019estime de soi et la confiance en soi de l\u2019enfant.<\/p>\n<p>&nbsp;<\/p>\n<h1><strong>Parentalit\u00e9 positive<\/strong><\/h1>\n<h3><img loading=\"lazy\" decoding=\"async\" class=\"size-full wp-image-392 alignright\" src=\"http:\/\/eric-claux.com\/wp-content\/uploads\/2016\/10\/photo2.jpg\" alt=\"photo2\" width=\"240\" height=\"104\" \/><\/h3>\n<p>La parentalit\u00e9 positive c\u2019est une \u00e9ducation bienveillante, avec beaucoup de remises en questions sur nos propres r\u00e9actions et celles de nos enfants.<br \/>\nComment suis-je avec mon enfant et comment comprendre s\u2019il y a un lien avec l\u2019\u00e9ducation que j\u2019ai re\u00e7u.<\/p>\n<p>La parentalit\u00e9 positive renvoie \u00e0 un comportement qui privil\u00e9gie l\u2019int\u00e9r\u00eat\u00a0de l\u2019enfant en l\u2019\u00e9duquant et en d\u00e9veloppant son autonomie, et qui favorise l\u2019image positive de l\u2019enfant.<\/p>\n<p>Donner \u00e0 mon enfant des orientations et une reconnaissance, tout en lui posant des limites pour lui permettre de s\u2019\u00e9panouir pleinement.<\/p>\n<p>Les parents doivent pour cela s\u2019attacher \u00e0 valoriser les points forts existants et favoriser la r\u00e9silience de l\u2019enfant en respectant l\u2019\u00e9volution de ses aptitudes.<\/p>\n<p>&nbsp;<\/p>\n<p><img loading=\"lazy\" decoding=\"async\" class=\"wp-image-234 alignright\" src=\"http:\/\/eric-claux.com\/wp-content\/uploads\/2016\/09\/1455.jpg\" alt=\"1455\" width=\"276\" height=\"199\" srcset=\"https:\/\/eric-claux.com\/wp-content\/uploads\/2016\/09\/1455.jpg 817w, https:\/\/eric-claux.com\/wp-content\/uploads\/2016\/09\/1455-300x216.jpg 300w, https:\/\/eric-claux.com\/wp-content\/uploads\/2016\/09\/1455-768x553.jpg 768w, https:\/\/eric-claux.com\/wp-content\/uploads\/2016\/09\/1455-600x432.jpg 600w, https:\/\/eric-claux.com\/wp-content\/uploads\/2016\/09\/1455-610x439.jpg 610w\" sizes=\"(max-width: 276px) 100vw, 276px\" \/><\/p>\n<h1><strong>Communiquer autrement<\/strong><\/h1>\n<p>Th\u00e8mes<\/p>\n<ol>\n<li>\u00a0 Quand vient l\u2019envie de punir.<\/li>\n<li>\u00a0 Comment faire face aux \u00e9motions de l\u2019enfant \u00a0col\u00e8re, peurs, tristesse, frustration<\/li>\n<li>\u00a0 Encourager l\u2019autonomie<\/li>\n<li>\u00a0 Compliments et estime de soi<\/li>\n<li>\u00a0 Aider l\u2019enfant \u00e0 ne plus \u00eatre capricieux, maladroit, col\u00e9reux<\/li>\n<li>\u00a0 \u00c9viter les punitions.<\/li>\n<li>\u00a0 Favoriser l\u2019image positive de l\u2019enfant.<\/li>\n<li>\u00a0 Accueillir les \u00e9motions.<\/li>\n<li>\u00a0 Donner des limites fermes et garder un climat d\u2019ouverture.<\/li>\n<li>\u00a0 R\u00e9soudre les conflits avec bienveillance.<\/li>\n<li>\u00a0 Encourager \u00e0 responsabiliser l\u2019enfant.<\/li>\n<li>\u00a0 \u00c9viter de coller des \u00e9tiquettes aux enfants.<\/li>\n<\/ol>\n<p><img loading=\"lazy\" decoding=\"async\" class=\"wp-image-85 aligncenter\" src=\"http:\/\/eric-claux.com\/wp-content\/uploads\/2016\/09\/arbre.jpg\" alt=\"arbre\" width=\"99\" height=\"95\" \/><\/p>\n<p>[\/et_pb_text][et_pb_divider admin_label=\u00a0\u00bbS\u00e9parateur\u00a0\u00bb color=\u00a0\u00bb#9bd861&Prime; show_divider=\u00a0\u00bbon\u00a0\u00bb height=\u00a0\u00bb10&Prime; divider_style=\u00a0\u00bbdouble\u00a0\u00bb divider_position=\u00a0\u00bbtop\u00a0\u00bb divider_weight=\u00a0\u00bb4&Prime; hide_on_mobile=\u00a0\u00bbon\u00a0\u00bb] [\/et_pb_divider][et_pb_text admin_label=\u00a0\u00bbTexte\u00a0\u00bb background_layout=\u00a0\u00bblight\u00a0\u00bb text_orientation=\u00a0\u00bbcenter\u00a0\u00bb use_border_color=\u00a0\u00bboff\u00a0\u00bb border_color=\u00a0\u00bb#ffffff\u00a0\u00bb border_style=\u00a0\u00bbsolid\u00a0\u00bb]<\/p>\n<h4 style=\"text-align: center;\"><strong>S\u00e9ance individuelle 60\u20ac<\/strong><\/h4>\n<h4 style=\"text-align: center;\">Je vous propose des outils simples et ludiques en communication bienveillante. Parents, \u00e9ducateurs, ou professionnels \u00e0 accompagner les enfants au quotidien, dans un climat de bienveillance tout en posant un cadre n\u00e9cessaire et s\u00e9curisant.<\/h4>\n<p>[\/et_pb_text][\/et_pb_column][\/et_pb_row][\/et_pb_section]<\/p>\n","protected":false},"excerpt":{"rendered":"<p>Parentalit\u00e9 positive \u00catre parent\u00a0 \u00catre parent est une des plus grandes et plus belles exp\u00e9riences de la vie, mais c\u2019est aussi une des plus difficiles. Notre responsabilit\u00e9 en tant que parent n\u2019est jamais accomplie, peu importe l\u2019\u00e2ge de nos enfants. C\u2019est notre r\u00f4le de parents d\u2019accompagner nos enfants au quotidien avec amour, respect. Si notre [&hellip;]<\/p>\n","protected":false},"author":1,"featured_media":0,"parent":0,"menu_order":0,"comment_status":"closed","ping_status":"closed","template":"","meta":{"_et_pb_use_builder":"on","_et_pb_old_content":"","_et_gb_content_width":"","footnotes":""},"class_list":["post-287","page","type-page","status-publish","hentry"],"_links":{"self":[{"href":"https:\/\/eric-claux.com\/index.php?rest_route=\/wp\/v2\/pages\/287","targetHints":{"allow":["GET"]}}],"collection":[{"href":"https:\/\/eric-claux.com\/index.php?rest_route=\/wp\/v2\/pages"}],"about":[{"href":"https:\/\/eric-claux.com\/index.php?rest_route=\/wp\/v2\/types\/page"}],"author":[{"embeddable":true,"href":"https:\/\/eric-claux.com\/index.php?rest_route=\/wp\/v2\/users\/1"}],"replies":[{"embeddable":true,"href":"https:\/\/eric-claux.com\/index.php?rest_route=%2Fwp%2Fv2%2Fcomments&post=287"}],"version-history":[{"count":17,"href":"https:\/\/eric-claux.com\/index.php?rest_route=\/wp\/v2\/pages\/287\/revisions"}],"predecessor-version":[{"id":393,"href":"https:\/\/eric-claux.com\/index.php?rest_route=\/wp\/v2\/pages\/287\/revisions\/393"}],"wp:attachment":[{"href":"https:\/\/eric-claux.com\/index.php?rest_route=%2Fwp%2Fv2%2Fmedia&parent=287"}],"curies":[{"name":"wp","href":"https:\/\/api.w.org\/{rel}","templated":true}]}}